 275988740?
7
What is the hundred thousands digit of 52098472?
0
What is the hundreds digit of 87063197?
1
What is the millions digit of 237004355?
7
What is the units digit of 64175531?
1
What is the hundreds digit of 2698080?
0
What is the millions digit of 1128115173?
8
What is the ten millions digit of 3207103589?
0
What is the units digit of 3085518051?
1
What is the hundred thousands digit of 136002824?
0
What is the ten thousands digit of 27805494?
0
What is the tens digit of 187614614?
1
What is the thousands digit of 1380356563?
6
What is the hundreds digit of 99611199?
1
What is the hundreds digit of 73356429?
4
What is the billions digit of 2874919218?
2
What is the hundred millions digit of 202805344?
2
What is the ten thousands digit of 57589771?
8
What is the ten thousands digit of 2739954226?
5
What is the units digit of 37364617?
7
What is the units digit of 1161955299?
9
What is the millions digit of 593214603?
3
What is the thousands digit of 71813638?
3
What is the tens digit of 422141512?
1
What is the units digit of 809051949?
9
What is the hundreds digit of 418175510?
5
What is the hundreds digit of 325812119?
1
What is the hundred thousands digit of 225511484?
5
What is the ten thousands digit of 4645708205?
0
What is the billions digit of 4069901396?
4
What is the thousands digit of 2074013624?
3
What is the hundred thousands digit of 721121575?
1
What is the hundred thousands digit of 3649337987?
3
What is the hundred millions digit of 1804270173?
8
What is the thousands digit of 6317659972?
9
What is the thousands digit of 94497483?
7
What is the tens digit of 2630686084?
8
What is the ten millions digit of 1005160737?
0
What is the hundred millions digit of 154460337?
1
What is the millions digit of 47165714?
7
What is the hundreds digit of 418558588?
5
What is the hundreds digit of 248321216?
2
What is the hundred thousands digit of 179497149?
4
What is the thousands digit of 32547082?
7
What is the thousands digit of 527676862?
6
What is the billions digit of 3763348967?
3
What is the hundred thousands digit of 2325525309?
5
What is the hundred thousands digit of 477942015?
9
What is the tens digit of 839021985?
8
What is the millions digit of 109812391?
9
What is the ten thousands digit of 264941887?
4
What is the ten millions digit of 28724087?
2
What is the ten thousands digit of 1236928446?
2
What is the ten millions digit of 36883175?
3
What is the ten millions digit of 74608942?
7
What is the hundreds digit of 46196062?
0
What is the millions digit of 278693359?
8
What is the billions digit of 1047511257?
1
What is the units digit of 2330196744?
4
What is the millions digit of 38787196?
8
What is the units digit of 1031102337?
7
What is the units digit of 17905968?
8
What is the millions digit of 304688011?
4
What is the millions digit of 14725320?
4
What is the hundred thousands digit of 13017491?
0
What is the ten thousands digit of 235433756?
3
What is the hundreds digit of 964447397?
3
What is the hundreds digit of 94143879?
8
What is the ten millions digit of 346771118?
4
What is the hundreds digit of 2304720664?
6
What is the tens digit of 2214388900?
0
What is the ten millions digit of 1158693339?
5
What is the thousands digit of 263582642?
2
What is the billions digit of 2799985481?
2
What is the hundred millions digit of 355562394?
3
What is the thousands digit of 282757385?
7
What is the ten millions digit of 444576169?
4
What is the tens digit of 6873969157?
5
What is the thousands digit of 257401592?
1
What is the hundred millions digit of 100506139?
1
What is the hundreds digit of 313176233?
2
What is the tens digit of 2320694567?
6
What is the millions digit of 3484341390?
4
What is the units digit of 208216417?
7
What is the millions digit of 259722273?
9
What is the millions digit of 64171956?
4
What is the ten millions digit of 2524871955?
2
What is the ten millions digit of 2150721285?
5
What is the ten thousands digit of 3562066?
6
What is the millions digit of 135760135?
5
What is the hundreds digit of 729445447?
4
What is the thousands digit of 197097002?
7
What is the tens digit of 738152313?
1
What is the millions digit of 1539410714?
9
What is the tens digit of 213980438?
3
What is the hundred thousands digit of 71269380?
2
What is the units digit of 458770689?
9
What is the thousands digit of 307654869?
4
What is the ten thousands digit of 154471098?
7
What is the ten millions digit of 324127015?
2
What is the ten millions digit of 64815328?
6
What is the ten millions digit of 3802078948?
0
What is the billions digit of 1723559302?
1
What is the ten thousands digit of 893077537?
7
What is the hundreds digit of 96072639?
6
What is the hundred thousands digit of 29497063?
4
What is the hundred thousands digit of 1505307746?
3
What is the hundred thousands digit of 133755365?
7
What is the tens digit of 1744484266?
6
What is the hundreds digit of 948306?
3
What is the hundred thousands digit of 32697888?
6
What is the hundred thousands digit of 962851550?
8
What is the millions digit of 176429022?
6
What is the ten millions digit of 29516994?
2
What is the ten thousands digit of 696781947?
8
What is the millions digit of 169016448?
9
What is the ten millions digit of 93689917?
9
What is the hundreds digit of 28966978?
9
What is the thousands digit of 100686009?
6
What is the ten millions digit of 2206211836?
0
What is the hundred thousands digit of 411061576?
0
What is the millions digit of 24303951?
4
What is the hundreds digit of 25028346?
3
What is the ten thousands digit of 108173688?
7
What is the millions digit of 513354985?
3
What is the ten millions digit of 681184889?
8
What is the units digit of 1446690259?
9
What is the tens digit of 100570682?
8
What is the ten millions digit of 123165511?
2
What is the units digit of 2781265431?
1
What is the ten millions digit of 54703166?
5
What is the units digit of 808174052?
2
What is the billions digit of 1790889380?
1
What is the hundred thousands digit of 191155568?
1
What is the hundred thousands digit of 28863136?
8
What is the hundred thousands digit of 8778492972?
4
What is the tens digit of 40466678?
7
What is the millions digit of 416913015?
6
What is the millions digit of 397688966?
7
What is the hundred millions digit of 165095940?
1
What is the tens digit of 17340637?
3
What is the units digit of 5506956816?
6
What is the thousands digit of 2896638686?
8
What is the ten millions digit of 256124162?
5
What is the units digit of 1449494393?
3
What is the hundreds digit of 5208208?
2
What is the millions digit of 1869645396?
9
What is the hundred thousands digit of 2388780806?
7
What is the millions digit of 311253003?
1
What is the hundred thousands digit of 877924210?
9
What is the hundreds digit of 609787900?
9
What is the hundred millions digit of 391563375?
3
What is the thousands digit of 49429444?
9
What is the units digit of 1122819205?
5
What is the ten millions digit of 68001973?
6
What is the tens digit of 6917982?
8
What is the hundred thousands digit of 382118838?
1
What is the tens digit of 207054440?
4
What is the hundred thousands digit of 4814129?
8
What is the tens digit of 1806346281?
8
What is the billions digit of 1315729572?
1
What is the thousands digit of 51557055?
7
What is the units digit of 56698499?
9
What is the units digit of 706470320?
0
What is the tens digit of 57491972?
7
What is the tens digit of 2245464254?
5
What is the millions digit of 218271090?
8
What is the tens digit of 142849531?
3
What is the hundreds digit of 49535007?
0
What is the ten thousands digit of 267035246?
3
What is the hundred thousands digit of 1525137933?
1
What is the hundred millions digit of 278628215?
2
What is the millions digit of 419526888?
9
What is the ten millions digit of 891078942?
9
What is the millions digit of 76843065?
6
What is the millions digit of 63975237?
3
What is the thousands digit of 1692696781?
6
What is the thousands digit of 42052644?
2
What is the units digit of 93843531?
1
What is the units digit of 7184389?
9
What is the units digit of 138261086?
6
What is the hundred thousands digit of 9075373045?
3
What is the hundred millions digit of 564728664?
5
What is the tens digit of 21398738